Suppose -3*k - 2*a - 243 = -z*k, 2*k + 3*a = -162. Let l = k - -154. What is the tens digit of l?
7
Suppose 2*c - 31628 = 3*w, -7*c + 35316 = 2*w - 75382. What is the tens digit of c?
1
Suppose x - 49208 = -3*v, -4*v + 32602 + 33046 = -4*x. What is the tens digit of v?
0
Let j(z) = 402*z + 227. Let f(g) = -200*g - 113. Let w(o) = 5*f(o) + 2*j(o). What is the tens digit of w(-4)?
7
Let t(l) = -l - 12. Let o be t(14). Let k = o + 48. Let h = k - -24. What is the tens digit of h?
4
Let z = 7223 + 21701. What is the tens digit of z?
2
Suppose k - 106*z = -100*z + 55522, 0 = -3*z + 9. What is the ten thousands digit of k?
5
Suppose -2*v + 2*n + 2203 = -61, -5*v = -n - 5660. Suppose 0 = 13*g - v - 870. What is the tens digit of g?
5
Let z(j) = -164*j + 21. Let s be z(-17). Suppose s - 643 = 6*q. What is the hundreds digit of q?
3
Let q be 8/8 + 21 + -1. Let k = -1322 + 1434. Suppose q*i - 1057 = -k. What is the tens digit of i?
4
Suppose y - 3*p - 1 = -4, y + p = 9. Suppose -3*w + 0 + y = 0. Suppose 416 = 2*i + w*i. What is the hundreds digit of i?
1
Suppose h - 4*v - 1176 = 0, 29*h + 4*v = 25*h + 4664. What is the thousands digit of h?
1
Suppose -1338*n = -1309*n - 176958. What is the hundreds digit of n?
1
Let i = -4009 - -9528. What is the units digit of i?
9
Let b = 133 + 60. Let k be (0 - 3)/((-3)/(-82)). Let x = b + k. What is the units digit of x?
1
Let r(x) = -3*x + 51. Let a be r(-16). Suppose -19*p + 15*p + 72 = 0. What is the tens digit of 3352/p + (-22)/a?
8
Suppose -4*m - 16468 = -4*s, 14*m = -3*s + 11*m + 12363. What is the hundreds digit of s?
1
What is the units digit of 2836/36 + 3/((-108)/(-8))?
9
Let v(l) = 8*l**3 + 2*l**2 + 5*l + 4. Let a be v(-2). Suppose -692 - 40 = -6*g. Let f = a + g. What is the units digit of f?
0
What is the units digit of 43190/6 - 3/9?
8
Let l be 18/(-27) + (-38)/(-3). Let i = 4 + l. Suppose -656 = -20*o + i*o. What is the hundreds digit of o?
1
Suppose 0 = -d - 293*t + 289*t + 26853, 5*d - 3*t = 134311. What is the ten thousands digit of d?
2
Let u = -51 - -58. Suppose -5*z - u = -4*n, -5*z = -2*n - 7*z + 8. Suppose -4 = -w, w + 293 = n*k + 3*w. What is the tens digit of k?
9
Suppose 0 = 5*c - 2*n + 44, -6 = -3*n - 0*n. Let u = c - -178. What is the units digit of u?
0
What is the ten thousands digit of 634005/5*(110/33)/10?
4
Suppose 0 = -5*f + 2*f + 2*t + 97, t = 4*f - 121. Suppose f*v - 21*v = 3640. What is the hundreds digit of v?
4
Let j(l) = -4*l**3 + 8*l**2 + 47*l + 218. What is the tens digit of j(-17)?
8
Suppose 497*v - 3*h = 492*v + 27765, 3*v = -2*h + 16640. What is the units digit of v?
0
Let n(q) be the second derivative of 1/6*q**3 + 16*q + 0 + 1/20*q**5 + 0*q**2 + 0*q**4. What is the hundreds digit of n(5)?
1
Let l(f) = -279*f - 1130. What is the units digit of l(-25)?
5
Let k = -4895 + 9485. What is the thousands digit of k?
4
Suppose -3*p + 5 = -2*p. Suppose 4*t - 904 = 4*z, -18*t + 674 = -15*t - 4*z. Suppose -2*u + p*q + 161 = 26, 2*q + t = 4*u. What is the tens digit of u?
5
Let l(i) be the first derivative of -i**3/3 + 28*i**2 + 45*i + 48. What is the units digit of l(30)?
5
Let g be 36/27*6*(1 - 8). Let p = g - -84. What is the units digit of (426/(-4) - 0)/((-14)/p)?
3
Suppose 0 = 40*o + 49 - 49. Suppose -3*v + c = 2*v - 120, 2*v + c = 41. What is the tens digit of (o/(-5) - -3)*v?
6
Let b be -13 + 18 - (3 + 0). Let h be (-103)/((1/b)/(-2 + 1)). Suppose 18*i + h = 20*i. What is the hundreds digit of i?
1
Suppose -2*s + 156080 = 18*s. What is the tens digit of s?
0
Suppose 0 = -12*j + 8*j + 1064. Let p be (-83 + 1 + -2)*(-112)/21. Let y = p - j. What is the units digit of y?
2
Let i(l) = 3*l**2 + 36*l - 284. What is the units digit of i(17)?
5
Let l(g) = 26*g - 9. Let m(j) = -2*j + 1. Let z(p) = p. Let h(n) = -m(n) - 3*z(n). Let u(a) = -4*h(a) - l(a). What is the units digit of u(-5)?
3
Let w(s) = s**2 + 9*s - 2. Let d be w(-10). Let n be (30/d)/(-5)*(-1 - -9). What is the units digit of 3 + 1 + n + (5 - 0)?
3
Suppose 12*s + 10*m - 7126 = 10*s, -3*s + 4*m = -10575. What is the thousands digit of s?
3
Suppose 8*q - 299 = 3*q - k, -3*k - 3 = 0. Suppose 35 - 17 = 9*n. Let h = q + n. What is the units digit of h?
2
Suppose -390*h + 2672661 + 523931 = -5410318. What is the hundreds digit of h?
0
Suppose -107*l + 784941 + 664899 = -51*l. What is the ten thousands digit of l?
2
Let x(k) = -2514*k**3 + 2*k + 2. What is the tens digit of x(-1)?
1
Suppose 3*w - 150 = 3*g, 3*g - 4*g + 4*w = 44. Let k = -8 - g. Let y = k + 43. What is the tens digit of y?
8
Suppose 39*i - 68*i = -147030. What is the thousands digit of i?
5
Let u be 19480/(-25) + 3/15. Let v = -425 - u. Let r = v + -211. What is the units digit of r?
3
Let s(f) = 10*f**3 + 29*f - 105. What is the thousands digit of s(19)?
9
Suppose -6*z + 20 = 2. Suppose 0 = -3*o + 5*d + 21, 7*o = z*o + 5*d + 23. Suppose 3*w = -r - 2*w + 155, -o*r + 2*w = -298. What is the tens digit of r?
5
Suppose -205 - 101 = 9*y. Let k = y - -35. What is the units digit of k - -2 - (-186 - 35/5)?
6
Suppose 1 - 6 = -a. Let t(k) = 2*k**2 + 116*k + 1236. Let g be t(-44). Suppose h + 110 = 3*j, -4*j + g*h - 15 = -a*j. What is the units digit of j?
5
Let l be -4 - (-2 + 1 - 3). Let z be 27 - (2 + 3) - l/2. Suppose 23*k - z*k - 147 = 0. What is the tens digit of k?
4
Let v be (665/25)/(-7) - (-3)/(-15). Let a(q) = 13*q + 36. Let b be a(v). What is the tens digit of 1 + 4/(b/(-348))?
8
Let q = 5710 + -1293. What is the hundreds digit of q?
4
Let q = 3614 + 2380. What is the thousands digit of q?
5
Let d be (933/(-6))/(-2 + 3/2). Suppose 3*m - d = -5*l - 116, -2*l = 4*m - 92. Let h = 195 - l. What is the tens digit of h?
5
Let b(m) = 2*m**2 + 13*m + 23. Suppose 5*k + 35 = 4*w, w + 43 = -3*k - w. What is the hundreds digit of b(k)?
1
Let h(u) = 2*u**2 - 9. Let w be h(-4). Let c = w - 20. Suppose 266 = 3*m + 5*x, c*m + 2*x - 254 = -0*x. What is the tens digit of m?
8
Suppose s + 0*s - 23507 = -5*p, -4*s - p + 94161 = 0. What is the ten thousands digit of s?
2
What is the tens digit of ((-1)/(-3))/(7/(-63)*(-3)/1177)?
7
Let f be (-63)/21 - ((-1)/1 + -42). Suppose 6*o - 1594 = -f. What is the hundreds digit of o?
2
Let n(j) = 6*j - 9. Let g(p) = -p**2 - 7*p - 4. Let y be g(-6). Let f be n(y). Suppose 3*h + f*o - 324 = 0, 5*h + 0*h - 552 = -2*o. What is the tens digit of h?
1
What is the tens digit of 14/4*443310/245?
3
Suppose -60 = 147*i - 159*i. Suppose -2 = c - i, -2*q + 1220 = -4*c. What is the units digit of q?
6
Suppose 0 = 2*u + 5*v - 18719, -23*u = -25*u + v + 18725. What is the hundreds digit of u?
3
Suppose -4*f + 39056 = 4*k, -785*k + 784*k = 4*f - 39050. What is the hundreds digit of f?
7
Let a(c) = -5*c**3 - 82*c**2 + 30*c + 45. What is the tens digit of a(-21)?
5
Let y = 755 - 751. Suppose -y*q = -o + 1165, 0 = o - q + 3*q - 1147. What is the units digit of o?
3
Let k(q) be the first derivative of q**2/2 + 13*q + 17. Let u(l) = l**3 + 16*l**2 + 8. Let b be u(-16). What is the tens digit of k(b)?
2
What is the hundreds digit of 5737572/378*(-5 - -8) + (-2)/7?
5
Let s(i) = i**2 - 23*i + 6. Let r(v) = 1. Let f(h) = h**2 - 5*h - 25. Let l be f(8). Let z(n) = l*s(n) - 6*r(n). What is the units digit of z(11)?
0
Suppose -11*a = -4*f + 51905, 3*f + 86*a = 91*a + 38945. What is the thousands digit of f?
2
Let m(k) = -18*k - 26. Let a(c) = c**2 + 11*c + 8. Let q be a(-8). What is the hundreds digit of m(q)?
2
Let n(l) = -2*l**2 + 33*l + 19. Let b be n(17). What is the hundreds digit of ((-8)/b - -5) + (456 - 0)?
4
Let a(x) = 3*x**2 + 37*x - 57. Let h be (-38 - -8)/(6/4). What is the tens digit of a(h)?
0
Suppose 3*c = -4*f + 48252, -3*f - 6854 + 43043 = -3*c. What is the hundreds digit of f?
0
Let v(l) = -l**2 - 9*l - 16. Let u be v(-6). Suppose -u*h = -3*h - h. Suppose q + 710 = 3*t, -2*t + 0*t - 5*q + 496 = h. What is the hundreds digit of t?
2
Suppose -4*m - 2*k + 0*k = -1086, 5*m + 4*k = 1365. What is the tens digit of m?
6
Let f(b) = 2*b. Let s be f(-3). Let l = s - -8. What is the units digit of (9/3 + -1)/l?
1
Let f(u) = 3*u**3 + 2*u**2 + 32*u + 13606. What is the tens digit of f(0)?
0
Suppose 6*m - 10429 = -d + 3*m, -3*d + 4*m + 31378 = 0. What is the ten thousands digit of d?
1
Let h = 58806 + -31076. What is the hundreds digit of h?
7
Let p(b) = 91*b